e (7126/1527)/((-2293)/(-1146) - 2). Calculate the greatest common factor of c and 28.
28
Let q be (1/(-3))/((-89)/801). Let c = -5 - -247. Suppose -5*f - t = -0*f - c, -3*t = -6. Calculate the greatest common divisor of f and q.
3
Let z = -4046 - -4376. What is the greatest common factor of z and 210?
30
Suppose 61 = -2*d + 65. Let h be ((-6)/36*d)/((-1)/(-3)). Let p be (16 - -6) + -1 + -2 + h. Calculate the highest common factor of p and 6.
6
Let u be (-1)/(-3) + 1941/9. Suppose 3866 = 96*n + 1274. What is the highest common factor of u and n?
27
Let f = 10278 + -10086. Calculate the highest common divisor of f and 2088.
24
Suppose 13*n - 450 = -17*n. Let o be 114/76*20/6. Calculate the greatest common divisor of n and o.
5
Suppose -149 = 3*w - 50. Let u = 367 - w. Calculate the greatest common divisor of 50 and u.
50
Let y(l) = -l**2 + 21*l - 59. Let a(s) = -1. Let m(u) = -a(u) - y(u). Let i be m(18). Suppose 3*g - 57 = -12. What is the highest common factor of i and g?
3
Let t be 6/(-14) - 18656/112. Let f = t + 176. What is the greatest common factor of 36 and f?
9
Let q = 566 + 380. What is the highest common factor of 22 and q?
22
Let q(v) = -68*v + 4923. Let g be q(-37). What is the highest common factor of 86 and g?
43
Let k = -1 + 38. Suppose -5*t = 3*u - 95, -k = -u + t - 8. Suppose u*v = 29*v + 34. Calculate the greatest common factor of 85 and v.
17
Let v = 41013 + -40959. What is the greatest common factor of 60318 and v?
54
Suppose -5*b + 522 = -4*s, b + 3*s - 32 - 61 = 0. Suppose -q = 3*y + 501 - 757, 18 = 3*y. What is the highest common factor of b and q?
34
Let u = -40470 - -40479. What is the greatest common factor of u and 4167?
9
Suppose 0 = 17*q + 3*q - 120. Suppose -2 = q*c - 104. Suppose -5*t = -2*b - 512, -5*b = 4*t - 2*b - 405. Calculate the highest common factor of t and c.
17
Let a(y) = -20*y - 460. Let x be a(-44). Suppose 4*d - p = 240, 5*p = 2*d - 0*p - 120. What is the highest common factor of x and d?
60
Let d be ((-23)/(-46) - 4)*11*(-8)/14. Calculate the highest common divisor of d and 15070.
22
Let g(p) = -298*p - 2908. Let f be g(-10). Let q(y) = -y**3 + 7*y**2 + 8. Let k = -6 + 13. Let x be q(k). Calculate the greatest common divisor of x and f.
8
Let h(y) = -81*y + 45. Let m be h(-23). What is the highest common divisor of m and 18?
18
Let m = 11378 - 11086. Calculate the highest common factor of 3869 and m.
73
Let d = -26 + 20. Let f be 2 - (-20 + d/3 + 6). Calculate the greatest common factor of 96 and f.
6
Let v(q) = 4*q**2 - 213*q + 88. Let k be v(53). What is the greatest common divisor of k and 295?
5
Let z(i) = 88*i**2 + 35*i + 25. Let t be z(-3). What is the greatest common factor of 88 and t?
8
Let w = -420 + 588. Let y be (10/(-4))/((-4)/w). Calculate the highest common divisor of 175 and y.
35
Let k(g) = 3*g**2 - 14*g + 3. Let b be k(-6). Suppose -r + 4*q + b - 6 = 0, 4*q - 20 = 0. What is the greatest common divisor of r and 57?
19
Let j = -33 + 53. Suppose -2*x - 30 = -7*x + 3*w, 0 = -2*x + w + 11. Let m = x - -5. What is the highest common divisor of j and m?
4
Suppose 4*z = -8, 6*i - i + 5*z + 610 = 0. Let s be (-8)/(i/9)*25. Let g = 192 - -3. What is the greatest common factor of s and g?
15
Let h = 164 + -451. Let c = -163 - h. Let w be (2/(-7))/2 + (-1308)/(-42). Calculate the highest common factor of w and c.
31
Let z = -1289 + 1298. Calculate the highest common factor of 588 and z.
3
Let w(g) = 18*g. Let i be w(10). Let n = i + -112. What is the highest common divisor of n and 17?
17
Let k = -10348 - -11995. What is the highest common factor of 27 and k?
27
Let l(t) = 105*t**3 - t**2 - t + 1. Let c be l(1). Let p = c - 0. What is the highest common divisor of 39 and p?
13
Let r(f) = -4*f + 206. Let a be r(13). What is the highest common factor of 286 and a?
22
Suppose 5*j - 9*i = -5*i + 584, 4*j = 12*i + 520. Let a(f) = -f**3 - 2*f**2 - 2*f + 2. Let b be a(-4). What is the highest common divisor of b and j?
14
Suppose 4*w - 4174 = -o, -1393 = -5*w - 5*o + 3817. What is the greatest common divisor of w and 551?
29
Let u(z) = z**2 + 8*z + 37. Let m(y) = 4*y + 119. Let i be m(-33). Let o be u(i). Calculate the highest common divisor of 12 and o.
6
Suppose 0 = -765*o + 974*o - 10032. Calculate the highest common factor of 3540 and o.
12
Let n(l) = 32*l - 2251. Let j be n(100). Let b(m) = -5*m - 2. Let h be b(-15). What is the highest common divisor of h and j?
73
Suppose 8*d = -p + 7*d + 133, 4*p + 3*d = 534. Let f = 1977 + -1752. What is the greatest common factor of f and p?
45
Let q = -1940 + 2195. What is the greatest common divisor of q and 425?
85
Suppose -9*y = -974 + 182. Suppose -y = -i - 21*i. What is the highest common divisor of i and 16?
4
Suppose 8*c - 4*c + 5*d - 2077 = 0, c - 5*d - 513 = 0. Let p = c - 440. Calculate the greatest common factor of 52 and p.
26
Let j(c) = -13*c - 64. Let d be j(-8). Let w = -34 - -23. Let u = 71 + w. What is the greatest common divisor of u and d?
20
Let z = 391 + 39. Let d(n) = 30*n - 20. Let k be d(1). What is the highest common factor of k and z?
10
Let w(p) = -119*p + 719. Let o be w(6). What is the greatest common factor of o and 6005?
5
Let c be (-1)/3*((3 - 3) + -399). What is the highest common divisor of 1121 and c?
19
Let n be (1 + -13)*(-12 + 13). Let r be n/42 + 23/7. Suppose 56 = -r*h + 413. What is the greatest common factor of 17 and h?
17
Suppose -1580 = -14*f - 40. Let b = -100 + f. Let n be 15/(-2)*4/(-3). What is the greatest common divisor of n and b?
10
Suppose 0 = -5*h - 2*x + 176 + 73, 2*h = 4*x + 114. Let w = h - 43. What is the greatest common divisor of 344 and w?
8
Let j be ((-363)/6)/(9/18). Let w = j - -70. Let h be (1/((-2)/24))/(w/34). What is the greatest common divisor of h and 128?
8
Let q = 667 - 368. Let s = -294 + q. Calculate the greatest common divisor of 40 and s.
5
Let v(i) = -110*i**2 - 6*i + 10 + 124*i**2 - 2*i. Let h be v(2). Calculate the greatest common divisor of h and 75.
25
Let i be 232/1 + -1 + 1. Suppose p + 3*p - i = 0. Suppose 19227 = -15*y + 236*y - 0*y. Calculate the highest common factor of y and p.
29
Suppose l + 87 = p - 4*l, 3*l + 87 = p. Let d = p - -33. What is the highest common factor of 60 and d?
60
Let t(v) = v**2 - 7*v - 4. Let z be t(8). Suppose -6*o + 2*o + 232 = -z*g, -2*g - 290 = -5*o. Calculate the greatest common divisor of o and 145.
29
Let v(j) = -j**3 + 13*j**2 + 35*j + 28. Let d be v(14). What is the highest common factor of 207 and d?
23
Let g(b) = 2*b + 26. Let y be g(-13). Suppose -6*t + 188 + 22 = y. Suppose 6*i - t = 55. What is the greatest common divisor of 30 and i?
15
Let t(q) = 25*q**2 - 141*q - 30. Let y be t(9). Calculate the highest common factor of y and 132.
66
Let b be 30/((-3 - -5)/(-11*5/(-55))). Calculate the greatest common divisor of 29955 and b.
15
Let i(j) = 2*j + 60. Let g = -84 - -120. Let q be i(g). What is the highest common factor of q and 36?
12
Suppose -19*q = -18 - 115. Suppose 7*k = 10*k - 381. Suppose 2*r - k - 55 = 0. What is the greatest common divisor of q and r?
7
Let s be ((-16)/3)/(12/(-90)). Let k = 148 - s. Let n = 22 - 10. Calculate the highest common factor of k and n.
12
Let l be 9/((-405)/(-10)) - (-842)/18. Let g(y) = -l + 17 + 2*y + y. Let w be g(11). Calculate the greatest common divisor of 9 and w.
3
Suppose 0 = 22*p - 36 - 74. Let c be (11 + -10)*(-3)/(-1). Suppose -2*l - 4*r = -2, c = 3*l - 5*r + 8*r. What is the highest common divisor of l and p?
1
Let n(t) = 2109*t - 2055. Let l be n(1). What is the greatest common divisor of 6021 and l?
27
Suppose 4*j = r - 12 + 47, -3*j = -3*r - 33. Suppose 0 = 2*y - j, -2*y + 100 = 4*s + y. What is the highest common divisor of s and 11?
11
Let j be (169 - 1)/((1058/115)/23). Calculate the highest common factor of 120 and j.
60
Suppose -2*a = -3*k + 56 + 341, 5*a + 1005 = -5*k. Let h = a + 580. Suppose -33 = -y - 5*m + 20, -12 = -4*m. What is the highest common divisor of y and h?
38
Suppose -16*r - 24408 = -26248. What is the highest common divisor of 32315 and r?
115
Suppose 0 = 3*r - 3*x - 2949, 1984 + 1966 = 4*r + 2*x. Suppose -71 + r = g. Calculate the highest common divisor of 15 and g.
15
Suppose -36*c = -32*c + 3*y - 201, 199 = 4*c + 5*y. Suppose c*j - 1848 = 40*j. C